he tens digit of i?
4
Let w = -47 + 80. Suppose q = 3*s - 55, 0*q = -2*s - 3*q + w. What is the units digit of s?
8
Let w = 0 + 3. What is the units digit of 4 + w + 3 + -6?
4
What is the units digit of -2 - 6255/(-25) - 4/20?
8
Let s(x) = -x**3 - x + 6. Let h(b) = b**3 - 2*b**2 + 3. Let k be h(3). Suppose -k = -5*z + 3*v, -3*v + 4 = 5*z - 4*v. What is the units digit of s(z)?
6
Let h = 44 - -1. What is the tens digit of h?
4
Suppose 2*g = -2*g + 12. Suppose -5*i = -3*c + g + 22, 10 = -5*i. Suppose -5*m + c = -0*m. What is the units digit of m?
1
Let l(b) = b - 2. Let p = 4 + -4. Suppose 0 = -c - 3*j - p - 1, 4*j + 20 = c. What is the units digit of l(c)?
6
Suppose 0 = 2*s + t - 3*t - 642, -933 = -3*s - 3*t. What is the units digit of s?
6
Suppose -3*i - 13 = 2. Let p be (-58)/i - 2/(-5). Suppose 2*s - p = 4. What is the units digit of s?
8
Let f(q) = q**3 + 2*q**2 + 4*q + 2. Let i be f(-2). Let t(n) = -n**2 - 6*n + 8. What is the units digit of t(i)?
8
Let a(v) = 96*v**3 - v**2 + v. Let y be a(1). Suppose 4*n = 5*g + y, -n - 5*g - 48 = -3*n. What is the units digit of n?
4
What is the tens digit of -4*((-140)/16 - -3)?
2
Let o = 11 + -3. Let q = 13 - o. What is the units digit of q?
5
Let r be -1*(-1 - 0) - -13. Let w be 46/r + (-16)/56. What is the units digit of (-12)/(-1*w) + -2?
2
Let q = -5 - -9. Suppose -5*t - 17 = -0*x - 3*x, q*t = -2*x - 18. Let f = 6 - x. What is the units digit of f?
7
Let d(r) be the second derivative of -r**4/8 - r**3/2 + r**2/2 - r. Let u(z) be the first derivative of d(z). What is the units digit of u(-3)?
6
Let i = -40 + 140. What is the tens digit of i?
0
Suppose -3*q - 1 = 2. Let r = q - -7. What is the units digit of r?
6
Let h(k) = k + 9. Let q be h(-7). Let u = q + -1. What is the units digit of (-1 - 0 - u) + 12?
0
What is the hundreds digit of (-11 - 1)/(7/(777/(-6)))?
2
Suppose -5 - 1 = -2*v. Suppose -2*f - 28 = -4*t, -t - f - v = f. Suppose 10*n - t*n - 40 = 0. What is the units digit of n?
8
Let z(l) = l**2. What is the units digit of z(-3)?
9
Suppose -5*i + 0 = -325. What is the units digit of i?
5
Let s(q) be the second derivative of 0 - 2*q - 1/6*q**3 + 4*q**2. What is the units digit of s(7)?
1
Suppose 2*q = 4*p, 2*q - 5 = -0*q - p. What is the units digit of (-1)/q*(-16 + 4)?
6
Let x(v) = v**3 + 3*v**2. Let n be x(-3). Suppose n = -2*t - 1 + 5. What is the units digit of t?
2
Suppose 3*u - 31 = 5*t, u - 2*t = -u + 14. Let k be (3/2)/((-1)/u). Let m(i) = i + 5. What is the units digit of m(k)?
2
Let x be ((-10)/6)/(6/(-180)). Suppose 4*a = 4*i - 76, 8 - x = -2*i + a. What is the units digit of i?
3
Let x be (5 + -20)/((-3)/4). Suppose q = 5*q - x. Suppose 15 = 2*r - q*o + 2*o, 5*r - 3*o = 33. What is the units digit of r?
6
What is the tens digit of (-1)/(-3) - (-490)/6?
8
Let z be (-3 - -1)/(3/3). Let m = 0 - z. Let q = 5 + m. What is the units digit of q?
7
Let u = -11 - -18. Let o(t) = t**2 - 3*t + 10. What is the tens digit of o(u)?
3
Let y = 44 - 10. What is the units digit of y?
4
Let u be (28/(-6))/(6/27). Let b = -7 - u. What is the units digit of b?
4
Suppose 4*a + 5*x - 132 = 0, 0*a - 33 = -a + 3*x. What is the units digit of a?
3
Let l(k) be the second derivative of k**4/3 + k**2 + 5*k. What is the tens digit of l(2)?
1
What is the units digit of ((-3)/(-2))/((-15)/(-10))?
1
What is the tens digit of (-218)/(-6) + (-2)/(-3)?
3
Let a(h) be the first derivative of -h**4/3 - h**3/6 + h**2 - 2. Let q(x) be the second derivative of a(x). What is the units digit of q(-1)?
7
Suppose 0*l = -2*l + 34. What is the tens digit of l?
1
Suppose n - 150 = 3*p, -3*p - 345 + 1020 = 4*n. What is the units digit of n?
5
Suppose 3*n - 11 = 73. What is the tens digit of n?
2
Suppose 0 = -5*c + 7 + 3. Suppose -4*x + 3*f = -0*f - 13, -2 = -x + c*f. Suppose 7 + 21 = x*q. What is the units digit of q?
7
Suppose -4*x - 12 = 0, 4*q - 2*x + 51 = x. Let s be 6/q + (-44)/(-10). Suppose -3*a + 1 = 2*m - 12, -s*m = a - 21. What is the units digit of a?
1
What is the tens digit of (15/(-10))/((-2)/100)?
7
Let v(q) = q + 7. Let s be v(-5). Suppose 1 = -2*b + 9. Suppose 2*i - 2*u = 16, -s*u - u = -b*i + 29. What is the units digit of i?
5
Let y = 12 + 5. What is the tens digit of y?
1
Let s(y) = 30*y**2 + y + 2. What is the tens digit of s(-1)?
3
Let x = 27 + 9. What is the tens digit of x?
3
Let m(h) = 13*h**2 - 13. What is the tens digit of m(-3)?
0
Suppose -3*y - 3*i = -0*i + 9, -2*i = 5*y + 3. Let r = -1 + y. Suppose -4*f + 15 - 7 = r. What is the units digit of f?
2
Let w be 0/(-2)*5/10. Let f(u) = u + 16. What is the tens digit of f(w)?
1
Suppose -2*x - 36 = -3*c, 0 = 2*c + 3*x - 25 - 12. What is the units digit of c?
4
Suppose -2*q - 437 = -3*h, h + 5*q - 80 - 43 = 0. What is the hundreds digit of h?
1
Let h be 45/(-21) - 3/(-21). Let d = 8 + -5. Let g = h + d. What is the units digit of g?
1
Let f = 22 - -2. What is the tens digit of f?
2
Let m be (-1)/(5 - 3 - 3). Suppose -g - 11 = f - m, 3*g = 0. What is the tens digit of (-50)/(-3)*(-12)/f?
2
Suppose 0 = -5*i - 4*k + 17 + 37, 5*i - 53 = -3*k. Suppose 0 = 4*a + 5*j + 1 - i, -3*j = -3. What is the units digit of a?
1
Suppose 14 - 2 = 4*z, l - 14 = -3*z. Let q(s) = -2*s + s - l + 2. What is the units digit of q(-7)?
4
Suppose -3*b + 12 = -3. Suppose 3*l - b - 4 = 0. What is the units digit of l?
3
Suppose 4*n - 186 = 906. What is the units digit of n?
3
Suppose 3*h = 4*v - 2*h - 1, -5*v + 32 = 4*h. Let c be (-2 - 0)*2/v. What is the units digit of 6/(-2 - -3) - c?
7
Suppose 2*i + 13 = p, -p - p + 5*i + 31 = 0. Suppose 9*o - 4*o + 230 = 5*g, -56 = -g + p*o. What is the tens digit of g?
4
Let z(f) = f**2 + 2*f. Let q be z(-2). Suppose -x - y - 3 = x, q = -4*y + 20. Let n = x - -8. What is the units digit of n?
4
Let f(r) = r**2 - 4*r + 1. Let g be 4/(-10)*(-7 + -3). What is the units digit of f(g)?
1
Let k(y) = 3*y**2 - 3*y + 3. What is the units digit of k(-3)?
9
Let f(z) = 5*z**2 - 3*z - 1. What is the units digit of f(3)?
5
Let l = 2 - 0. Suppose j - 5*z = l*j - 17, z = 2. Suppose -4*c + 1 + j = 0. What is the units digit of c?
2
What is the units digit of (2 - 171)/(4/8*-2)?
9
Let k(o) be the second derivative of o**5/20 + o**4/2 + o**3 + o**2 + 2*o. What is the units digit of k(-4)?
0
Suppose -3 = 3*s + 2*s - b, -5*b + 15 = 3*s. Suppose s = -5*k + 3*x + 82, -2*x + 7*x - 73 = -4*k. What is the tens digit of k?
1
What is the hundreds digit of (132/10)/((-4)/(-60))?
1
Suppose 5*y + 65 = 2*b, 2*y + 4*b - 2*b + 12 = 0. What is the units digit of (10 + y)*(-58)/2?
9
Suppose -3*s + 5 = -4. Suppose 5*h - s*w = -16, 4*w = 4*h - 9*h - 2. What is the units digit of 10/2 - h/(-1)?
3
Let k(t) = t + 19. Let w be k(-13). Suppose -3*s + 45 = -w. What is the tens digit of s?
1
Suppose -48 = 15*q - 18*q. Suppose 0 = -4*h + 4*k + 36, 3*h - 2*k - 9 = 14. Suppose h*o - 51 + q = 0. What is the units digit of o?
7
Suppose 0 = -2*y - y. Suppose y*g = -3*g + 15. Let v = -4 + g. What is the units digit of v?
1
Let w(k) = -k**3 + 5*k**2 + k - 5. Let u be w(5). Let c be (-1)/3*u - 8. What is the units digit of (c/(-3))/(4/12)?
8
Suppose -2350 - 282 = -14*m. What is the tens digit of m?
8
Let c(m) = m**3 + 6*m**2 - 2*m + 8. What is the tens digit of c(-5)?
4
Let q(n) = -n + 12. What is the units digit of q(-6)?
8
Let y(n) = 5*n**2 - 3*n - 23. What is the tens digit of y(-4)?
6
Let j = -9 + 11. Suppose -47 = -3*h - j. What is the units digit of h?
5
Let k be ((-4)/6)/((-2)/3). Let m = 0 - 0. Let w = k - m. What is the units digit of w?
1
Let c = -37 - -57. Suppose 5*h = -c, b + 5*h + 17 = 2. Suppose 0 = -2*y - 3*t + t + 10, -y + 2*t + b = 0. What is the units digit of y?
5
Let t(k) = -2*k - 9. Let i be t(-6). Suppose i*v = -0*o - 4*o + 23, -2*o + 2*v = 6. What is the units digit of o?
2
Let g = -3 - -1. Let c be 3/(-6)*(g + -4). Suppose -c*s + 2*s - 1 = 0, 4*a - 8 = 4*s. What is the units digit of a?
1
Let x(h) = -h**3 - 7*h**2 - 7*h - 1. Let f(s) = -3*s + 6. Let o be f(4). Let k be x(o). Suppose -32 = -k*q + q. What is the units digit of q?
8
Let k be (-12)/54 - (-29)/9. Suppose 6*m = m + k*s + 36, -5*s = 2*m - 2. What is the units digit of m?
6
Let v = -231 + 356. What is the units digit of v?
5
What is the units digit of -7*(-1)/(2/30*3)?
5
Suppose 3*q + 39 = 3*n, 5*n - 83 = -2*q -